{"version":"1.0","provider_name":"Makro Art","provider_url":"https:\/\/www.makroart.ch\/fr\/","author_name":"agenza","author_url":"https:\/\/www.makroart.ch\/fr\/author\/agenza\/","title":"Festival Images, Vevey | Makro Art","type":"rich","width":600,"height":338,"html":"<blockquote class=\"wp-embedded-content\" data-secret=\"xGX1zLPt9v\"><a href=\"https:\/\/www.makroart.ch\/fr\/insides-fr\/festival-images-2022\/\">Festival Images, Vevey<\/a><\/blockquote><iframe sandbox=\"allow-scripts\" security=\"restricted\" src=\"https:\/\/www.makroart.ch\/fr\/insides-fr\/festival-images-2022\/embed\/#?secret=xGX1zLPt9v\" width=\"600\" height=\"338\" title=\"\u00ab\u00a0Festival Images, Vevey\u00a0\u00bb &#8212; Makro Art\" data-secret=\"xGX1zLPt9v\" frameborder=\"0\" marginwidth=\"0\" marginheight=\"0\" scrolling=\"no\" class=\"wp-embedded-content\"><\/iframe><script type=\"text\/javascript\">\n\/* <![CDATA[ *\/\n\/*! This file is auto-generated *\/\n!function(d,l){\"use strict\";l.querySelector&&d.addEventListener&&\"undefined\"!=typeof URL&&(d.wp=d.wp||{},d.wp.receiveEmbedMessage||(d.wp.receiveEmbedMessage=function(e){var t=e.data;if((t||t.secret||t.message||t.value)&&!\/[^a-zA-Z0-9]\/.test(t.secret)){for(var s,r,n,a=l.querySelectorAll('iframe[data-secret=\"'+t.secret+'\"]'),o=l.querySelectorAll('blockquote[data-secret=\"'+t.secret+'\"]'),c=new RegExp(\"^https?:$\",\"i\"),i=0;i<o.length;i++)o[i].style.display=\"none\";for(i=0;i<a.length;i++)s=a[i],e.source===s.contentWindow&&(s.removeAttribute(\"style\"),\"height\"===t.message?(1e3<(r=parseInt(t.value,10))?r=1e3:~~r<200&&(r=200),s.height=r):\"link\"===t.message&&(r=new URL(s.getAttribute(\"src\")),n=new URL(t.value),c.test(n.protocol))&&n.host===r.host&&l.activeElement===s&&(d.top.location.href=t.value))}},d.addEventListener(\"message\",d.wp.receiveEmbedMessage,!1),l.addEventListener(\"DOMContentLoaded\",function(){for(var e,t,s=l.querySelectorAll(\"iframe.wp-embedded-content\"),r=0;r<s.length;r++)(t=(e=s[r]).getAttribute(\"data-secret\"))||(t=Math.random().toString(36).substring(2,12),e.src+=\"#?secret=\"+t,e.setAttribute(\"data-secret\",t)),e.contentWindow.postMessage({message:\"ready\",secret:t},\"*\")},!1)))}(window,document);\n\/\/# sourceURL=https:\/\/www.makroart.ch\/wp-includes\/js\/wp-embed.min.js\n\/* ]]> *\/\n<\/script>\n","thumbnail_url":"https:\/\/www.makroart.ch\/wp-content\/uploads\/2022\/08\/Festival-Image-quadratisch-2022.jpg","thumbnail_width":768,"thumbnail_height":768,"description":"Together \u2013 La vie ensembleDu 3 au 25 septembre 2022 Un petit d\u00e9tour par Vevey du 3 au 25 septembre 2022 s\u2019impose. En effet, Le FESTIVAL IMAGES&nbsp;\u00abTogether \u2013 La vie ensemble\u00bb s\u2019y d\u00e9roule en plein air dans toute la ville (entr\u00e9e libre).&nbsp; Nous sommes fiers d\u2019avoir produit et en partie install\u00e9 la majorit\u00e9 des \u0153uvres [&hellip;]"}

Together – La vie ensembleDu 3 au 25 septembre 2022 Un petit détour par Vevey du 3 au 25 septembre 2022 s’impose. En effet, Le FESTIVAL IMAGES&nbsp;«Together – La vie ensemble» s’y déroule en plein air dans toute la ville (entrée libre).&nbsp; Nous sommes fiers d’avoir produit et en partie installé la majorité des œuvres [&hellip;]
